{"id":116,"date":"2025-06-17T10:12:08","date_gmt":"2025-06-17T10:12:08","guid":{"rendered":"https:\/\/auriol.discovermyscreen.fr\/?page_id=116"},"modified":"2025-06-19T14:12:14","modified_gmt":"2025-06-19T14:12:14","slug":"actualites","status":"publish","type":"page","link":"https:\/\/auriol.discovermyscreen.fr\/index.php\/actualites\/","title":{"rendered":"Actualit\u00e9s"},"content":{"rendered":"<div class=\"et_d4_element et_pb_section et_pb_section_0  et_pb_css_mix_blend_mode et_section_regular et_block_section\" >\n\t\t\t\t\n\t\t\t\t\n\t\t\t\t\n\t\t\t\t\n\t\t\t\t\n\t\t\t\t\n\t\t\t\t<div class=\"et_d4_element et_pb_row et_pb_row_0  et_pb_css_mix_blend_mode et_block_row\">\n\t\t\t\t<div class=\"et_d4_element et_pb_column_4_4 et_pb_column et_pb_column_0  et_pb_css_mix_blend_mode et-last-child et_block_column\">\n\t\t\t\t\n\t\t\t\t\n\t\t\t\t\n\t\t\t\t\n\t\t\t\t<div class=\"et_pb_with_border et_pb_module et_d4_element et_pb_blog_0  et_pb_css_mix_blend_mode et_pb_blog_grid_wrapper et_pb_bg_layout_light\">\n\t\t\t\t\t<div class=\"et_pb_blog_grid clearfix \">\n\t\t\t\t\t\n\t\t\t\t\t\n\t\t\t\t\t\n\t\t\t\t\t\n\t\t\t\t\t<div class=\"et_pb_ajax_pagination_container\">\n\t\t\t\t\t\t<div class=\"et_pb_salvattore_content\" data-columns>\n\t\t\t<article id=\"post-1746\" class=\"et_pb_post clearfix et_pb_blog_item_0_0 post-1746 post type-post status-publish format-standard has-post-thumbnail hentry category-actualites\">\n\n\t\t\t\t<div class=\"et_pb_image_container\"><a href=\"https:\/\/auriol.discovermyscreen.fr\/index.php\/2026\/05\/04\/tirage-au-sort-public-de-la-liste-preparatoire-du-jury-dassises-2027\/\" class=\"entry-featured-image-url\"><img loading=\"lazy\" decoding=\"async\" src=\"https:\/\/auriol.discovermyscreen.fr\/wp-content\/uploads\/2026\/05\/jure_assises_apercu-400x210.jpg\" alt=\"TIRAGE AU SORT PUBLIC DE LA LISTE PREPARATOIRE DU JURY D\u2019ASSISES 2027\" class=\"\" srcset=\"https:\/\/auriol.discovermyscreen.fr\/wp-content\/uploads\/2026\/05\/jure_assises_apercu.jpg 479w, https:\/\/auriol.discovermyscreen.fr\/wp-content\/uploads\/2026\/05\/jure_assises_apercu-400x210.jpg 480w \" sizes=\"(max-width:479px) 479px, 100vw \"  width=\"400\" height=\"250\" \/><\/a><\/div>\n\t\t\t\t\t\t\t\t\t\t\t\t\t\t<h2 class=\"entry-title\">\n\t\t\t\t\t\t\t\t\t\t\t\t\t<a href=\"https:\/\/auriol.discovermyscreen.fr\/index.php\/2026\/05\/04\/tirage-au-sort-public-de-la-liste-preparatoire-du-jury-dassises-2027\/\">TIRAGE AU SORT PUBLIC DE LA LISTE PREPARATOIRE DU JURY D\u2019ASSISES 2027<\/a>\n\t\t\t\t\t\t\t\t\t\t\t<\/h2>\n\t\t\t\t\n\t\t\t\t\t<p class=\"post-meta\"><span class=\"published\">Mai 4, 2026<\/span><\/p><div class=\"post-content\"><div class=\"post-content-inner\"><p>Conform\u00e9ment aux articles A 36-12 et A 36-13 du code de proc\u00e9dure p\u00e9nale fixant \u00e0 2 000 le nombre...<\/p>\n<\/div><a href=\"https:\/\/auriol.discovermyscreen.fr\/index.php\/2026\/05\/04\/tirage-au-sort-public-de-la-liste-preparatoire-du-jury-dassises-2027\/\" class=\"more-link\">lire plus<\/a><\/div>\t\t\t\n\t\t\t<\/article>\n\t\t\t\t\n\t\t\t<article id=\"post-1745\" class=\"et_pb_post clearfix et_pb_blog_item_0_1 post-1745 post type-post status-publish format-standard has-post-thumbnail hentry category-actualites\">\n\n\t\t\t\t<div class=\"et_pb_image_container\"><a href=\"https:\/\/auriol.discovermyscreen.fr\/index.php\/2026\/04\/30\/inscriptions-ifac-auriol-2026-2027\/\" class=\"entry-featured-image-url\"><img loading=\"lazy\" decoding=\"async\" src=\"https:\/\/auriol.discovermyscreen.fr\/wp-content\/uploads\/2025\/06\/Site-Internet-400x250.png\" alt=\"Inscriptions IFAC Auriol 2026\/2027\" class=\"\" srcset=\"https:\/\/auriol.discovermyscreen.fr\/wp-content\/uploads\/2025\/06\/Site-Internet.png 479w, https:\/\/auriol.discovermyscreen.fr\/wp-content\/uploads\/2025\/06\/Site-Internet-400x250.png 480w \" sizes=\"(max-width:479px) 479px, 100vw \"  width=\"400\" height=\"250\" \/><\/a><\/div>\n\t\t\t\t\t\t\t\t\t\t\t\t\t\t<h2 class=\"entry-title\">\n\t\t\t\t\t\t\t\t\t\t\t\t\t<a href=\"https:\/\/auriol.discovermyscreen.fr\/index.php\/2026\/04\/30\/inscriptions-ifac-auriol-2026-2027\/\">Inscriptions IFAC Auriol 2026\/2027<\/a>\n\t\t\t\t\t\t\t\t\t\t\t<\/h2>\n\t\t\t\t\n\t\t\t\t\t<p class=\"post-meta\"><span class=\"published\">Avr 30, 2026<\/span><\/p><div class=\"post-content\"><div class=\"post-content-inner\"><p>Dans le cadre de la rentr\u00e9e scolaire 2026\/2027, les modalit\u00e9s d\u2019inscription et de r\u00e9inscription \u00e0...<\/p>\n<\/div><a href=\"https:\/\/auriol.discovermyscreen.fr\/index.php\/2026\/04\/30\/inscriptions-ifac-auriol-2026-2027\/\" class=\"more-link\">lire plus<\/a><\/div>\t\t\t\n\t\t\t<\/article>\n\t\t\t\t\n\t\t\t<article id=\"post-1736\" class=\"et_pb_post clearfix et_pb_blog_item_0_2 post-1736 post type-post status-publish format-standard has-post-thumbnail hentry category-actualites\">\n\n\t\t\t\t<div class=\"et_pb_image_container\"><a href=\"https:\/\/auriol.discovermyscreen.fr\/index.php\/2026\/04\/29\/formation-lance-toi-avec-le-bafa\/\" class=\"entry-featured-image-url\"><img loading=\"lazy\" decoding=\"async\" src=\"https:\/\/auriol.discovermyscreen.fr\/wp-content\/uploads\/2026\/04\/bafa_apercu_2026-400x210.jpg\" alt=\"FORMATION | Lance-toi avec le BAFA !\" class=\"\" srcset=\"https:\/\/auriol.discovermyscreen.fr\/wp-content\/uploads\/2026\/04\/bafa_apercu_2026.jpg 479w, https:\/\/auriol.discovermyscreen.fr\/wp-content\/uploads\/2026\/04\/bafa_apercu_2026-400x210.jpg 480w \" sizes=\"(max-width:479px) 479px, 100vw \"  width=\"400\" height=\"250\" \/><\/a><\/div>\n\t\t\t\t\t\t\t\t\t\t\t\t\t\t<h2 class=\"entry-title\">\n\t\t\t\t\t\t\t\t\t\t\t\t\t<a href=\"https:\/\/auriol.discovermyscreen.fr\/index.php\/2026\/04\/29\/formation-lance-toi-avec-le-bafa\/\">FORMATION | Lance-toi avec le BAFA !<\/a>\n\t\t\t\t\t\t\t\t\t\t\t<\/h2>\n\t\t\t\t\n\t\t\t\t\t<p class=\"post-meta\"><span class=\"published\">Avr 29, 2026<\/span><\/p><div class=\"post-content\"><div class=\"post-content-inner\"><p>Auriol accueille une session de formation g\u00e9n\u00e9rale BAFA pendant les vacances de la Toussaint 2026...<\/p>\n<\/div><a href=\"https:\/\/auriol.discovermyscreen.fr\/index.php\/2026\/04\/29\/formation-lance-toi-avec-le-bafa\/\" class=\"more-link\">lire plus<\/a><\/div>\t\t\t\n\t\t\t<\/article>\n\t\t\t\t\n\t\t\t<article id=\"post-1738\" class=\"et_pb_post clearfix et_pb_blog_item_0_3 post-1738 post type-post status-publish format-standard has-post-thumbnail hentry category-actualites\">\n\n\t\t\t\t<div class=\"et_pb_image_container\"><a href=\"https:\/\/auriol.discovermyscreen.fr\/index.php\/2026\/04\/29\/formation-passe-a-letape-superieure-avec-le-bafa\/\" class=\"entry-featured-image-url\"><img loading=\"lazy\" decoding=\"async\" src=\"https:\/\/auriol.discovermyscreen.fr\/wp-content\/uploads\/2026\/04\/approfondissement_bafa_apercu-400x210.jpg\" alt=\"FORMATION | Passe \u00e0 l\u2019\u00e9tape sup\u00e9rieure avec le BAFA\" class=\"\" srcset=\"https:\/\/auriol.discovermyscreen.fr\/wp-content\/uploads\/2026\/04\/approfondissement_bafa_apercu.jpg 479w, https:\/\/auriol.discovermyscreen.fr\/wp-content\/uploads\/2026\/04\/approfondissement_bafa_apercu-400x210.jpg 480w \" sizes=\"(max-width:479px) 479px, 100vw \"  width=\"400\" height=\"250\" \/><\/a><\/div>\n\t\t\t\t\t\t\t\t\t\t\t\t\t\t<h2 class=\"entry-title\">\n\t\t\t\t\t\t\t\t\t\t\t\t\t<a href=\"https:\/\/auriol.discovermyscreen.fr\/index.php\/2026\/04\/29\/formation-passe-a-letape-superieure-avec-le-bafa\/\">FORMATION | Passe \u00e0 l\u2019\u00e9tape sup\u00e9rieure avec le BAFA<\/a>\n\t\t\t\t\t\t\t\t\t\t\t<\/h2>\n\t\t\t\t\n\t\t\t\t\t<p class=\"post-meta\"><span class=\"published\">Avr 29, 2026<\/span><\/p><div class=\"post-content\"><div class=\"post-content-inner\"><p>Tu as valid\u00e9 ta formation g\u00e9n\u00e9rale ? Il est temps d\u2019aller plus loin. La Commune accueille une...<\/p>\n<\/div><a href=\"https:\/\/auriol.discovermyscreen.fr\/index.php\/2026\/04\/29\/formation-passe-a-letape-superieure-avec-le-bafa\/\" class=\"more-link\">lire plus<\/a><\/div>\t\t\t\n\t\t\t<\/article>\n\t\t\t\t\n\t\t\t<article id=\"post-1740\" class=\"et_pb_post clearfix et_pb_blog_item_0_4 post-1740 post type-post status-publish format-standard has-post-thumbnail hentry category-actualites\">\n\n\t\t\t\t<div class=\"et_pb_image_container\"><a href=\"https:\/\/auriol.discovermyscreen.fr\/index.php\/2026\/04\/29\/culture-selection-du-club-de-lecture-du-loriot\/\" class=\"entry-featured-image-url\"><img loading=\"lazy\" decoding=\"async\" src=\"https:\/\/auriol.discovermyscreen.fr\/wp-content\/uploads\/2026\/04\/Selection_club_lecture_loriot_apercu-400x210.jpg\" alt=\"CULTURE : S\u00e9lection du club de lecture du Loriot\" class=\"\" srcset=\"https:\/\/auriol.discovermyscreen.fr\/wp-content\/uploads\/2026\/04\/Selection_club_lecture_loriot_apercu.jpg 479w, https:\/\/auriol.discovermyscreen.fr\/wp-content\/uploads\/2026\/04\/Selection_club_lecture_loriot_apercu-400x210.jpg 480w \" sizes=\"(max-width:479px) 479px, 100vw \"  width=\"400\" height=\"250\" \/><\/a><\/div>\n\t\t\t\t\t\t\t\t\t\t\t\t\t\t<h2 class=\"entry-title\">\n\t\t\t\t\t\t\t\t\t\t\t\t\t<a href=\"https:\/\/auriol.discovermyscreen.fr\/index.php\/2026\/04\/29\/culture-selection-du-club-de-lecture-du-loriot\/\">CULTURE : S\u00e9lection du club de lecture du Loriot<\/a>\n\t\t\t\t\t\t\t\t\t\t\t<\/h2>\n\t\t\t\t\n\t\t\t\t\t<p class=\"post-meta\"><span class=\"published\">Avr 29, 2026<\/span><\/p><div class=\"post-content\"><div class=\"post-content-inner\"><p>D\u00e9couvrez ci-dessous la s\u00e9lection du Club de Lecture du Loriot pour le mois d'avril 2026 : -...<\/p>\n<\/div><a href=\"https:\/\/auriol.discovermyscreen.fr\/index.php\/2026\/04\/29\/culture-selection-du-club-de-lecture-du-loriot\/\" class=\"more-link\">lire plus<\/a><\/div>\t\t\t\n\t\t\t<\/article>\n\t\t\t\t\n\t\t\t<article id=\"post-1742\" class=\"et_pb_post clearfix et_pb_blog_item_0_5 post-1742 post type-post status-publish format-standard has-post-thumbnail hentry category-actualites\">\n\n\t\t\t\t<div class=\"et_pb_image_container\"><a href=\"https:\/\/auriol.discovermyscreen.fr\/index.php\/2026\/04\/29\/culture-i-%f0%9f%93%95\/\" class=\"entry-featured-image-url\"><img loading=\"lazy\" decoding=\"async\" src=\"https:\/\/auriol.discovermyscreen.fr\/wp-content\/uploads\/2026\/04\/Selection_club_lecture_loriot_apercu-1-400x210.jpg\" alt=\"CULTURE I \ud83d\udcd5\" class=\"\" srcset=\"https:\/\/auriol.discovermyscreen.fr\/wp-content\/uploads\/2026\/04\/Selection_club_lecture_loriot_apercu-1.jpg 479w, https:\/\/auriol.discovermyscreen.fr\/wp-content\/uploads\/2026\/04\/Selection_club_lecture_loriot_apercu-1-400x210.jpg 480w \" sizes=\"(max-width:479px) 479px, 100vw \"  width=\"400\" height=\"250\" \/><\/a><\/div>\n\t\t\t\t\t\t\t\t\t\t\t\t\t\t<h2 class=\"entry-title\">\n\t\t\t\t\t\t\t\t\t\t\t\t\t<a href=\"https:\/\/auriol.discovermyscreen.fr\/index.php\/2026\/04\/29\/culture-i-%f0%9f%93%95\/\">CULTURE I \ud83d\udcd5<\/a>\n\t\t\t\t\t\t\t\t\t\t\t<\/h2>\n\t\t\t\t\n\t\t\t\t\t<p class=\"post-meta\"><span class=\"published\">Avr 29, 2026<\/span><\/p><div class=\"post-content\"><div class=\"post-content-inner\"><p>D\u00e9couvrez ci-dessous la s\u00e9lection du Club de Lecture du Loriot pour le mois d'avril 2026 premi\u00e8re...<\/p>\n<\/div><a href=\"https:\/\/auriol.discovermyscreen.fr\/index.php\/2026\/04\/29\/culture-i-%f0%9f%93%95\/\" class=\"more-link\">lire plus<\/a><\/div>\t\t\t\n\t\t\t<\/article>\n\t\t\t\t\n\t\t\t<article id=\"post-1730\" class=\"et_pb_post clearfix et_pb_blog_item_0_6 post-1730 post type-post status-publish format-standard has-post-thumbnail hentry category-actualites\">\n\n\t\t\t\t<div class=\"et_pb_image_container\"><a href=\"https:\/\/auriol.discovermyscreen.fr\/index.php\/2026\/04\/27\/environnement-moustiques-frelons-passons-a-laction-ensemble\/\" class=\"entry-featured-image-url\"><img loading=\"lazy\" decoding=\"async\" src=\"https:\/\/auriol.discovermyscreen.fr\/wp-content\/uploads\/2026\/04\/frelons_moustiques_apercu-400x210.png\" alt=\"ENVIRONNEMENT | Moustiques, frelons\u2026 Passons \u00e0 l\u2019action ensemble !\u00a0\" class=\"\" srcset=\"https:\/\/auriol.discovermyscreen.fr\/wp-content\/uploads\/2026\/04\/frelons_moustiques_apercu.png 479w, https:\/\/auriol.discovermyscreen.fr\/wp-content\/uploads\/2026\/04\/frelons_moustiques_apercu-400x210.png 480w \" sizes=\"(max-width:479px) 479px, 100vw \"  width=\"400\" height=\"250\" \/><\/a><\/div>\n\t\t\t\t\t\t\t\t\t\t\t\t\t\t<h2 class=\"entry-title\">\n\t\t\t\t\t\t\t\t\t\t\t\t\t<a href=\"https:\/\/auriol.discovermyscreen.fr\/index.php\/2026\/04\/27\/environnement-moustiques-frelons-passons-a-laction-ensemble\/\">ENVIRONNEMENT | Moustiques, frelons\u2026 Passons \u00e0 l\u2019action ensemble !\u00a0<\/a>\n\t\t\t\t\t\t\t\t\t\t\t<\/h2>\n\t\t\t\t\n\t\t\t\t\t<p class=\"post-meta\"><span class=\"published\">Avr 27, 2026<\/span><\/p><div class=\"post-content\"><div class=\"post-content-inner\"><p>La commune d\u2019Auriol vous invite \u00e0 une r\u00e9union publique informative pour mieux comprendre\u2026 et...<\/p>\n<\/div><a href=\"https:\/\/auriol.discovermyscreen.fr\/index.php\/2026\/04\/27\/environnement-moustiques-frelons-passons-a-laction-ensemble\/\" class=\"more-link\">lire plus<\/a><\/div>\t\t\t\n\t\t\t<\/article>\n\t\t\t\t\n\t\t\t<article id=\"post-1726\" class=\"et_pb_post clearfix et_pb_blog_item_0_7 post-1726 post type-post status-publish format-standard has-post-thumbnail hentry category-actualites\">\n\n\t\t\t\t<div class=\"et_pb_image_container\"><a href=\"https:\/\/auriol.discovermyscreen.fr\/index.php\/2026\/04\/27\/prevention-initiation-au-secourisme\/\" class=\"entry-featured-image-url\"><img loading=\"lazy\" decoding=\"async\" src=\"https:\/\/auriol.discovermyscreen.fr\/wp-content\/uploads\/2026\/04\/RCSC_site_apercu-400x210.png\" alt=\"PR\u00c9VENTION | Initiation au secourisme\" class=\"\" srcset=\"https:\/\/auriol.discovermyscreen.fr\/wp-content\/uploads\/2026\/04\/RCSC_site_apercu.png 479w, https:\/\/auriol.discovermyscreen.fr\/wp-content\/uploads\/2026\/04\/RCSC_site_apercu-400x210.png 480w \" sizes=\"(max-width:479px) 479px, 100vw \"  width=\"400\" height=\"250\" \/><\/a><\/div>\n\t\t\t\t\t\t\t\t\t\t\t\t\t\t<h2 class=\"entry-title\">\n\t\t\t\t\t\t\t\t\t\t\t\t\t<a href=\"https:\/\/auriol.discovermyscreen.fr\/index.php\/2026\/04\/27\/prevention-initiation-au-secourisme\/\">PR\u00c9VENTION | Initiation au secourisme<\/a>\n\t\t\t\t\t\t\t\t\t\t\t<\/h2>\n\t\t\t\t\n\t\t\t\t\t<p class=\"post-meta\"><span class=\"published\">Avr 27, 2026<\/span><\/p><div class=\"post-content\"><div class=\"post-content-inner\"><p>La R\u00e9serve Communale de S\u00e9curit\u00e9 Civile d'Auriol relance sa campagne annuelle de sensibilisation...<\/p>\n<\/div><a href=\"https:\/\/auriol.discovermyscreen.fr\/index.php\/2026\/04\/27\/prevention-initiation-au-secourisme\/\" class=\"more-link\">lire plus<\/a><\/div>\t\t\t\n\t\t\t<\/article>\n\t\t\t\t\n\t\t\t<article id=\"post-1720\" class=\"et_pb_post clearfix et_pb_blog_item_0_8 post-1720 post type-post status-publish format-standard has-post-thumbnail hentry category-actualites\">\n\n\t\t\t\t<div class=\"et_pb_image_container\"><a href=\"https:\/\/auriol.discovermyscreen.fr\/index.php\/2026\/04\/17\/fete-de-la-nature-concours-photo\/\" class=\"entry-featured-image-url\"><img loading=\"lazy\" decoding=\"async\" src=\"https:\/\/auriol.discovermyscreen.fr\/wp-content\/uploads\/2026\/04\/Fete-nature-442X210-400x210.png\" alt=\"F\u00eate de la Nature | Concours Photo\" class=\"\" srcset=\"https:\/\/auriol.discovermyscreen.fr\/wp-content\/uploads\/2026\/04\/Fete-nature-442X210.png 479w, https:\/\/auriol.discovermyscreen.fr\/wp-content\/uploads\/2026\/04\/Fete-nature-442X210-400x210.png 480w \" sizes=\"(max-width:479px) 479px, 100vw \"  width=\"400\" height=\"250\" \/><\/a><\/div>\n\t\t\t\t\t\t\t\t\t\t\t\t\t\t<h2 class=\"entry-title\">\n\t\t\t\t\t\t\t\t\t\t\t\t\t<a href=\"https:\/\/auriol.discovermyscreen.fr\/index.php\/2026\/04\/17\/fete-de-la-nature-concours-photo\/\">F\u00eate de la Nature | Concours Photo<\/a>\n\t\t\t\t\t\t\t\t\t\t\t<\/h2>\n\t\t\t\t\n\t\t\t\t\t<p class=\"post-meta\"><span class=\"published\">Avr 17, 2026<\/span><\/p><div class=\"post-content\"><div class=\"post-content-inner\"><p>\u00c0 l\u2019occasion de la F\u00eate de la Nature, les Auriolais sont invit\u00e9s \u00e0 poser un regard nouveau sur ce...<\/p>\n<\/div><a href=\"https:\/\/auriol.discovermyscreen.fr\/index.php\/2026\/04\/17\/fete-de-la-nature-concours-photo\/\" class=\"more-link\">lire plus<\/a><\/div>\t\t\t\n\t\t\t<\/article>\n\t\t\t\t\n\t\t\t<article id=\"post-1718\" class=\"et_pb_post clearfix et_pb_blog_item_0_9 post-1718 post type-post status-publish format-standard has-post-thumbnail hentry category-actualites\">\n\n\t\t\t\t<div class=\"et_pb_image_container\"><a href=\"https:\/\/auriol.discovermyscreen.fr\/index.php\/2026\/04\/14\/commemoration-du-genocide-armenien-de-1915\/\" class=\"entry-featured-image-url\"><img loading=\"lazy\" decoding=\"async\" src=\"https:\/\/auriol.discovermyscreen.fr\/wp-content\/uploads\/2026\/04\/Divers-442X210-400x210.png\" alt=\"Comm\u00e9moration du g\u00e9nocide arm\u00e9nien de 1915\" class=\"\" srcset=\"https:\/\/auriol.discovermyscreen.fr\/wp-content\/uploads\/2026\/04\/Divers-442X210.png 479w, https:\/\/auriol.discovermyscreen.fr\/wp-content\/uploads\/2026\/04\/Divers-442X210-400x210.png 480w \" sizes=\"(max-width:479px) 479px, 100vw \"  width=\"400\" height=\"250\" \/><\/a><\/div>\n\t\t\t\t\t\t\t\t\t\t\t\t\t\t<h2 class=\"entry-title\">\n\t\t\t\t\t\t\t\t\t\t\t\t\t<a href=\"https:\/\/auriol.discovermyscreen.fr\/index.php\/2026\/04\/14\/commemoration-du-genocide-armenien-de-1915\/\">Comm\u00e9moration du g\u00e9nocide arm\u00e9nien de 1915<\/a>\n\t\t\t\t\t\t\t\t\t\t\t<\/h2>\n\t\t\t\t\n\t\t\t\t\t<p class=\"post-meta\"><span class=\"published\">Avr 14, 2026<\/span><\/p><div class=\"post-content\"><div class=\"post-content-inner\"><p>Madame V\u00e9ronique Miquelly, Maire d\u2019Auriol, le Conseil municipal d\u2019Auriol et le comit\u00e9...<\/p>\n<\/div><a href=\"https:\/\/auriol.discovermyscreen.fr\/index.php\/2026\/04\/14\/commemoration-du-genocide-armenien-de-1915\/\" class=\"more-link\">lire plus<\/a><\/div>\t\t\t\n\t\t\t<\/article>\n\t\t\t\t<\/div><div><div class=\"pagination clearfix\">\n\t<div class=\"alignleft\"><a href=\"https:\/\/auriol.discovermyscreen.fr\/index.php\/wp-json\/wp\/v2\/pages\/116\/page\/2\/?et_blog\" >&laquo; Entr\u00e9es Plus Anciennes<\/a><\/div>\n\t<div class=\"alignright\"><\/div>\n<\/div><\/div><\/div>\n\t\t\t\t\t<\/div>\n\t\t\t\t\t \n\t\t\t\t<\/div>\n\t\t\t<\/div>\n\t\t\t\t\n\t\t\t\t\n\t\t\t\t\n\t\t\t\t\n\t\t\t<\/div>\n\t\t\t\t\n\t\t\t\t\n\t\t\t<\/div>\n","protected":false},"excerpt":{"rendered":"","protected":false},"author":1,"featured_media":0,"parent":0,"menu_order":0,"comment_status":"closed","ping_status":"closed","template":"","meta":{"_et_pb_use_builder":"on","_et_pb_old_content":"","_et_gb_content_width":"","footnotes":""},"class_list":["post-116","page","type-page","status-publish","hentry"],"_links":{"self":[{"href":"https:\/\/auriol.discovermyscreen.fr\/index.php\/wp-json\/wp\/v2\/pages\/116","targetHints":{"allow":["GET"]}}],"collection":[{"href":"https:\/\/auriol.discovermyscreen.fr\/index.php\/wp-json\/wp\/v2\/pages"}],"about":[{"href":"https:\/\/auriol.discovermyscreen.fr\/index.php\/wp-json\/wp\/v2\/types\/page"}],"author":[{"embeddable":true,"href":"https:\/\/auriol.discovermyscreen.fr\/index.php\/wp-json\/wp\/v2\/users\/1"}],"replies":[{"embeddable":true,"href":"https:\/\/auriol.discovermyscreen.fr\/index.php\/wp-json\/wp\/v2\/comments?post=116"}],"version-history":[{"count":0,"href":"https:\/\/auriol.discovermyscreen.fr\/index.php\/wp-json\/wp\/v2\/pages\/116\/revisions"}],"wp:attachment":[{"href":"https:\/\/auriol.discovermyscreen.fr\/index.php\/wp-json\/wp\/v2\/media?parent=116"}],"curies":[{"name":"wp","href":"https:\/\/api.w.org\/{rel}","templated":true}]}}